mber?
False
Is 4721111 composite?
True
Is 30758639 a prime number?
False
Is 634195 a prime number?
False
Is 8347171 a prime number?
False
Is 21364193 a prime number?
True
Is 412147 a composite number?
False
Is 41598179 composite?
True
Is 25814 prime?
False
Is 37882151 prime?
False
Is 169179 a composite number?
True
Is 48907081 composite?
True
Is 12918989 prime?
False
Is 6007 a prime number?
True
Is 93835201 prime?
False
Is 23817359 prime?
True
Is 2001481 composite?
False
Is 1697587 composite?
False
Is 85516699 prime?
True
Is 12444937 a composite number?
True
Is 571453 prime?
True
Is 127591969 prime?
True
Is 1803149 composite?
False
Is 1314533 a prime number?
False
Is 533353 a composite number?
False
Is 1958959 composite?
False
Is 371817293 a composite number?
True
Is 1541915 prime?
False
Is 5995933 prime?
True
Is 77585477 prime?
True
Is 5621957 prime?
False
Is 11977557 a composite number?
True
Is 7292023 a prime number?
True
Is 9180919 a composite number?
True
Is 41501113 a prime number?
False
Is 441229 composite?
False
Is 27667961 a prime number?
False
Is 975743 a composite number?
False
Is 22266947 a composite number?
False
Is 1186259 prime?
True
Is 110163293 a prime number?
False
Is 7022485 prime?
False
Is 46524661 prime?
False
Is 449124077 a prime number?
True
Is 80341 a prime number?
True
Is 18813143 prime?
False
Is 117306227 composite?
False
Is 1705607 composite?
True
Is 2458819 a prime number?
False
Is 5317007 prime?
True
Is 86808941 a prime number?
True
Is 3638827 prime?
True
Is 4104097 prime?
False
Is 34657891 a composite number?
True
Is 121876603 prime?
True
Is 4377881 composite?
False
Is 1091593951 a prime number?
False
Is 6079703 a prime number?
False
Is 12733577 composite?
True
Is 5126057 a composite number?
False
Is 518651 prime?
False
Is 29494349 composite?
True
Is 39129637 a prime number?
True
Is 66291967 a prime number?
False
Is 536521 a prime number?
False
Is 12828581 prime?
True
Is 63681383 a composite number?
True
Is 1378211 prime?
False
Is 8200927 a composite number?
True
Is 3306907 a prime number?
True
Is 166965829 a composite number?
False
Is 65155763 prime?
False
Is 79063037 a prime number?
False
Is 1728871 composite?
False
Is 637199 prime?
True
Is 272717801 a composite number?
False
Is 109105903 a prime number?
True
Is 21517081 composite?
True
Is 28383689 composite?
True
Is 156975829 a composite number?
False
Is 23480543 composite?
True
Is 156679691 prime?
False
Is 619371983 prime?
True
Is 3801571 composite?
False
Is 35916143 a composite number?
False
Is 46757479 composite?
True
Is 2278037 a prime number?
False
Is 4022513 a composite number?
True
Is 8745541 prime?
False
Is 35893399 prime?
True
Is 5153441 prime?
False
Is 4252639 prime?
False
Is 532429 a prime number?
False
Is 258409 composite?
True
Is 7572503 composite?
False
Is 14088119 a prime number?
True
Is 2680705 a prime number?
False
Is 68754637 a composite number?
True
Is 306406577 a composite number?
False
Is 1530113 prime?
False
Is 8577995 a composite number?
True
Is 26459393 a composite number?
False
Is 713477 a prime number?
True
Is 46845473 prime?
True
Is 10202831 a composite number?
False
Is 8286097 a composite number?
False
Is 21158743 prime?
True
Is 211344409 a prime number?
True
Is 286289 a composite number?
False
Is 75564469 prime?
False
Is 5976662 prime?
False
Is 62058511 prime?
True
Is 2333 prime?
True
Is 49311649 a composite number?
True
Is 1025279 a prime number?
True
Is 5954731 a prime number?
True
Is 50195837 prime?
True
Is 148939691 prime?
True
Is 129209 a prime number?
True
Is 1935881 a prime number?
True
Is 5695703 composite?
True
Is 2899747 prime?
True
Is 18868669 composite?
False
Is 4393177 a prime number?
True
Is 113685727 a prime number?
True
Is 898973 a composite number?
True
Is 6189335 a prime number?
False
Is 29916749 a composite number?
False
Is 127163339 a composite number?
True
Is 1419589 a prime number?
True
Is 665674 composite?
True
Is 128475807 a composite number?
True
Is 1530647 prime?
True
Is 114205191 prime?
False
Is 6021941 composite?
True
Is 139820459 prime?
False
Is 36001729 prime?
True
Is 153540059 prime?
False
Is 1461909 composite?
True
Is 411010949 a prime number?
True
Is 36298769 a composite number?
True
Is 99559 a prime number?
True
Is 339986669 a composite number?
True
Is 3154471 a composite number?
False
Is 23927287 a composite number?
False
Is 17834371 composite?
False
Is 19640903 a prime number?
False
Is 413801753 prime?
True
Is 2145937 prime?
True
Is 27626243 a prime number?
False
Is 4252537 a prime number?
False
Is 829163 composite?
True
Is 22285339 a composite number?
True
Is 481827971 a prime number?
True
Is 8657837 a prime number?
False
Is 22997641 composite?
False
Is 14771993 prime?
True
Is 7038491 composite?
False
Is 19823563 a prime number?
False
Is 160163371 prime?
True
Is 20318029 composite?
False
Is 5010431 a composite number?
False
Is 73669339 prime?
True
Is 916831 a composite number?
False
Is 22384441 a composite number?
True
Is 195979 prime?
False
Is 47250523 composite?
True
Is 10316843 composite?
False
Is 221424521 a prime number?
False
Is 4270031 composite?
False
Is 5337763 prime?
True
Is 2268307 composite?
True
Is 1016543 a composite number?
True
Is 3558739 prime?
True
Is 226390157 composite?
True
Is 117498961 prime?
True
Is 26162671 a prime number?
False
Is 8316937 prime?
False
Is 163704497 prime?
False
Is 998558659 prime?
False
Is 35800637 a composite number?
True
Is 31422521 a composite number?
True
Is 3211525847 composite?
False
Is 22627691 a composite number?
False
Is 23532661 a prime number?
True
Is 55877897 a prime number?
False
Is 7418309 a composite number?
False
Is 118529 composite?
False
Is 1493897 a composite number?
True
Is 169261549 prime?
False
Is 2169962 composite?
True
Is 2407747 prime?
False
Is 23808017 a composite number?
True
Is 328247887 composite?
True
Is 7927447 composite?
True
Is 5555777 composite?
False
Is 1431679 composite?
True
Is 7484221 prime?
False
Is 46993 prime?
True
Is 37696909 a composite number?
False
Is 49525613 composite?
True
Is 1576327 prime?
False
Is 7550311 prime?
True
Is 80348401 prime?
False
Is 8806313 prime?
True
Is 5851865 composite?
True
Is 32191703 composite?
False
Is 479979961 a composite number?
False
Is 25964429 prime?
True
Is 150402697 a composite number?
False
Is 659101 prime?
True
Is 246011 composite?
False
Is 913117 composite?
True
Is 4647847 a composite number?
True
Is 91028417 a prime number?
False
Is 8561639 a prime number?
False
Is 60298871 prime?
True
Is 570976543 a composite number?
True
Is 113623733 prime?
False
Is 346206745 prime?
False
Is 86073859 a composite number?
False
Is 185754729 prime?
False
Is 178327769 prime?
True
Is 1016111 composite?
False
Is 11737555 a prime number?
False
Is 433882103 prime?
True
Is 393826793 a prime number?
True
Is 112771 a composite number?
False
Is 428031353 a prime number?
False
Is 22898219 a composite number?
False
Is 121123 composite?
False
Is 25331951 a prime number?
True
Is 778032209 composite?
True
Is 8956021 composite?
False
Is 78769 composite?
True
Is 627749 composite?
False
Is 12149393 prime?
True
Is 9904469 prime?
False
Is 44169793 a prime number?
False
Is 913387 prime?
False
Is 143835787 a composite number?
False
Is 91040167 a prime number?
False
Is 11248795 prime?
False
Is 2258387 composite?
False
Is 2856673 composite?
False
Is 4945769 a composite number?
True
Is 3126049 composite?
True
Is 21290943 prime?
False
Is 91770431 prime?
False
Is 26200883 a prime number?
True
Is 69455209 a composite number?
False
Is 6757363 prime?
True
Is 376267973 prime?
True
Is 2469629 prime?
True
Is 375671 prime?
False
Is 886557587 a composite number?
True
Is 6346427 a prime number?
True
Is 5511577 composite?
True
Is 1241651 composite?
False
Is 1408045 a prime number?
False
Is 8680073 a composite number?
False
Is 285698951 a prime number?
True
Is 11196109 a prime number?
True
Is 20515331 composite?
True
Is 543498979 a composite number?
False
Is 230497 a prime number?
False
Is 1984813 a prime number?
True
Is 33109081 a prime number?
False
Is 287937911 a composite number?
True
Is 49906697 prime?
True
Is 4326011 prime?
True
Is 403817 composite?
False
Is 62560237 composite?
True
Is 95076901 a prime number?
True
Is 